{"id":6781,"date":"2023-09-01T20:18:36","date_gmt":"2023-09-01T20:18:36","guid":{"rendered":"https:\/\/v2.lavuh.esy.es\/cobersun\/?post_type=produtos&#038;p=6781"},"modified":"2023-09-01T20:21:56","modified_gmt":"2023-09-01T20:21:56","slug":"aluguer-de-tendas-para-eventos-modelo-standard","status":"publish","type":"produtos","link":"https:\/\/v2.lavuh.esy.es\/cobersun\/es\/produtos\/aluguer-de-tendas-para-eventos-modelo-standard\/","title":{"rendered":"Aluguer de tendas para eventos &#8211; Modelo Standard"},"content":{"rendered":"<h2>Aluguer de tendas para eventos &#8211; Modelo Standard<\/h2>\n<p>La carpa para eventos modelo est\u00e1ndar tiene una estructura modular en formato hastial, construida con perfiles de aluminio anodizado de diferentes medidas, lo que permite una gran flexibilidad de personalizaci\u00f3n.<\/p>\n<ul>\n<li>As telas podem ser opacas, transl\u00facidas, transparentes ou de cor, de acordo com as necessidades do projeto. Al\u00e9m disso, s\u00e3o disponibilizados diversos acess\u00f3rios para complementar a estrutura.<\/li>\n<li>As medidas s\u00e3o modulares, com tamanhos de 5 em 5 metros, possibilitando a escolha da medida adequada para cada evento, desde os 10 metros at\u00e9 aos 40 metros. Com esta tenda modelo standard, \u00e9 poss\u00edvel criar ambientes modernos, funcionais e esteticamente agrad\u00e1veis para eventos ao ar livre como casamentos, batizados, festas e outros.<\/li>\n<li>Se puede montar en pocas horas, por lo que es una excelente opci\u00f3n para eventos con poco tiempo de preparaci\u00f3n.<\/li>\n<\/ul>\n<p style=\"text-align: center\"><iframe data-src=\"https:\/\/www.youtube.com\/embed\/sMJxWJ1axZs\" width=\"560\" height=\"315\" frameborder=\"0\" allowfullscreen=\"allowfullscreen\" src=\"data:image\/svg+xml;base64,PHN2ZyB3aWR0aD0iMSIgaGVpZ2h0PSIxIiB4bWxucz0iaHR0cDovL3d3dy53My5vcmcvMjAwMC9zdmciPjwvc3ZnPg==\" class=\"lazyload\" data-load-mode=\"1\"><\/iframe><\/p>\n<p>La empresa fabricante cuenta con m\u00e1s de 15 a\u00f1os de experiencia en el mercado, garantizando calidad y confiabilidad en la elaboraci\u00f3n de sus productos.<\/p>\n<p>Si quieres una soluci\u00f3n de tienda m\u00e1s econ\u00f3mica, puedes consultar nuestro modelo de tienda Easy Standard o comprar el modelo easy Standard en nuestra tienda online<\/p>","protected":false},"featured_media":6022,"template":"","tags":[196,197,198,123,133,199,200],"finalidade":[86],"condicao":[87],"categoria-produto":[89],"cores":[],"class_list":["post-6781","produtos","type-produtos","status-publish","has-post-thumbnail","hentry","tag-aluguer-de-tendas-para-armazem-permanente","tag-aluguer-de-tendas-para-armazem-temporario","tag-aluguer-de-tendas-para-batizados","tag-aluguer-de-tendas-para-casamentos","tag-aluguer-de-tendas-para-eventos","tag-aluguer-de-tendas-para-eventos-desportivos","tag-aluguer-de-tendas-para-feiras-e-exposicoes","finalidade-aluguer","condicao-novo","categoria-produto-tendas-para-eventos"],"acf":[],"_links":{"self":[{"href":"https:\/\/v2.lavuh.esy.es\/cobersun\/es\/wp-json\/wp\/v2\/produtos\/6781","targetHints":{"allow":["GET"]}}],"collection":[{"href":"https:\/\/v2.lavuh.esy.es\/cobersun\/es\/wp-json\/wp\/v2\/produtos"}],"about":[{"href":"https:\/\/v2.lavuh.esy.es\/cobersun\/es\/wp-json\/wp\/v2\/types\/produtos"}],"wp:featuredmedia":[{"embeddable":true,"href":"https:\/\/v2.lavuh.esy.es\/cobersun\/es\/wp-json\/wp\/v2\/media\/6022"}],"wp:attachment":[{"href":"https:\/\/v2.lavuh.esy.es\/cobersun\/es\/wp-json\/wp\/v2\/media?parent=6781"}],"wp:term":[{"taxonomy":"post_tag","embeddable":true,"href":"https:\/\/v2.lavuh.esy.es\/cobersun\/es\/wp-json\/wp\/v2\/tags?post=6781"},{"taxonomy":"finalidade","embeddable":true,"href":"https:\/\/v2.lavuh.esy.es\/cobersun\/es\/wp-json\/wp\/v2\/finalidade?post=6781"},{"taxonomy":"condicao","embeddable":true,"href":"https:\/\/v2.lavuh.esy.es\/cobersun\/es\/wp-json\/wp\/v2\/condicao?post=6781"},{"taxonomy":"categoria-produto","embeddable":true,"href":"https:\/\/v2.lavuh.esy.es\/cobersun\/es\/wp-json\/wp\/v2\/categoria-produto?post=6781"},{"taxonomy":"cores","embeddable":true,"href":"https:\/\/v2.lavuh.esy.es\/cobersun\/es\/wp-json\/wp\/v2\/cores?post=6781"}],"curies":[{"name":"wp","href":"https:\/\/api.w.org\/{rel}","templated":true}]}}

<h2>Aluguer de tendas para eventos &#8211; Modelo Standard</h2>
<p>La carpa para eventos modelo estándar tiene una estructura modular en formato hastial, construida con perfiles de aluminio anodizado de diferentes medidas, lo que permite una gran flexibilidad de personalización.</p>
<ul>
<li>As telas podem ser opacas, translúcidas, transparentes ou de cor, de acordo com as necessidades do projeto. Além disso, são disponibilizados diversos acessórios para complementar a estrutura.</li>
<li>As medidas são modulares, com tamanhos de 5 em 5 metros, possibilitando a escolha da medida adequada para cada evento, desde os 10 metros até aos 40 metros. Com esta tenda modelo standard, é possível criar ambientes modernos, funcionais e esteticamente agradáveis para eventos ao ar livre como casamentos, batizados, festas e outros.</li>
<li>Se puede montar en pocas horas, por lo que es una excelente opción para eventos con poco tiempo de preparación.</li>
</ul>
<p style="text-align: center"><iframe data-src="https://www.youtube.com/embed/sMJxWJ1axZs" width="560" height="315" frameborder="0" allowfullscreen="allowfullscreen" src="data:image/svg+xml;base64,PHN2ZyB3aWR0aD0iMSIgaGVpZ2h0PSIxIiB4bWxucz0iaHR0cDovL3d3dy53My5vcmcvMjAwMC9zdmciPjwvc3ZnPg==" class="lazyload" data-load-mode="1"></iframe></p>
<p>La empresa fabricante cuenta con más de 15 años de experiencia en el mercado, garantizando calidad y confiabilidad en la elaboración de sus productos.</p>
<p>Si quieres una solución de tienda más económica, puedes consultar nuestro modelo de tienda Easy Standard o comprar el modelo easy Standard en nuestra tienda online</p>
